the units digit of (-68)/g - (-20)/(-25)?
6
Let j(i) = 2*i**2 - 86*i - 77. What is the units digit of j(-32)?
3
Let p = 58 + 49. What is the units digit of p?
7
Suppose 1136 = 5*s - d, 3*s = 12*d - 7*d + 686. What is the units digit of s?
7
Let v be (328/3)/((-6)/(-18)). What is the tens digit of (-2)/(-10) + v/10?
3
Suppose -4*k + 0*k + 224 = 0. What is the units digit of -4 + k + -2 - 1?
9
Let x = 2 + 3. Let k be 16/x + (-5)/25. What is the units digit of 1*-2 + 129/k?
1
Suppose d + 32 = 31. Let z(b) = -42*b**3 + b**2 + 2*b. What is the units digit of z(d)?
1
Let q = -1891 - -4896. What is the thousands digit of q?
3
Let k = 18 + -16. Suppose -k*m = -88 - 110. Suppose 3*d - m = -0*d. What is the units digit of d?
3
Let z = 92 - 91. What is the tens digit of ((-22)/(-66))/(z - (-184)/(-186))?
3
Let x(c) = -c + 30. Let s be x(17). Let j(r) = -s - r**3 - 13*r**2 + 11*r - 6*r + 6*r. What is the tens digit of j(-14)?
2
Let y be 2/11 - 295/(-11). Let z = y - 6. What is the units digit of -4*(z/(-3) + 1)?
4
Suppose 215*a - 217*a = -1590. What is the tens digit of a?
9
Let i = 9 + -10. Let n be i/((-4)/4)*0. Suppose 2*y - v = y + 22, y + 4*v - 7 = n. What is the tens digit of y?
1
Suppose 2*j = -a + 469, -3*a + 1386 = -5*j + 4*j. What is the tens digit of a?
6
Suppose 1264 = 5*u - 136. Suppose 3*p - 211 = t, -3*p + 5*t + u = 77. What is the units digit of p?
1
Suppose -161*g = -207*g + 36846. What is the units digit of g?
1
Suppose 93 = 5*f - 92. Suppose 0 = -6*z + 289 - f. What is the units digit of z?
2
Suppose 6*v - 141 = -3*n + 3*v, -3*n + 131 = 5*v. Let k = n + 44. What is the tens digit of k?
9
Suppose -375*d + 39006 = -364*d. What is the thousands digit of d?
3
Let h = -4 + 6. Suppose -5*g + k = -21, -h*g + 6 = -g - 2*k. Suppose -g*z - z + 50 = 0. What is the units digit of z?
0
Let a = 7 + -10. Let j be -2 + 9/a + 39. Suppose -3*u - j = -k + 3, -4*u - 68 = -2*k. What is the tens digit of k?
2
What is the hundreds digit of (-7175200)/(-2500) + (-2)/25?
8
Let y(u) = -u**2 + 10*u + 44. Let h be y(13). Suppose -3*d + h*l + 779 = 0, 3*l - 1000 = 2*d - 6*d. What is the units digit of d?
3
Suppose 5*d - 15 = 0, -6918 - 3986 = -5*q - 3*d. What is the tens digit of q?
7
Let s = -43 - -55. Suppose 3*b - 11 = -2. Suppose -p = b*p - s. What is the units digit of p?
3
Let z(o) = -1. Let r(j) = -2*j + 9. Let d(g) = r(g) - 4*z(g). Let h be d(12). Let u = -6 - h. What is the units digit of u?
5
Let a(p) be the third derivative of -p**5/60 - 5*p**4/12 - p**3 + 3*p**2. Let b be a(-8). Let s = b - 3. What is the units digit of s?
7
Suppose -5*s - a = -29 - 42, 3*s - 57 = 3*a. Let p = s - 15. Suppose -5*f + 2*v = -110, -5*f + v + 57 + 48 = p. What is the tens digit of f?
2
Let n(t) = 2*t**2 + 6*t - 9. Let o be n(2). Suppose 690 = o*v - 443. What is the units digit of v?
3
Let m be 102/(1 + -2 + -1). Let h(f) = -5*f**2 + f + 3. Let v be h(3). Let r = v - m. What is the tens digit of r?
1
Let z = 15 + -15. Let n(r) = -r**3 + 2 + 0*r**3 + 10 + 7. What is the units digit of n(z)?
9
Let r(s) = -s + 2*s - s**3 - 5*s**2 + 3 + 4. Let k be r(-5). Suppose -d - 3*y - 75 = -k*d, -5*d = -5*y - 325. What is the tens digit of d?
6
Let w = 69 - 75. What is the tens digit of ((-3)/w + -1)*-146?
7
Let x = -449 + 1281. What is the tens digit of x?
3
Let w(f) = -521*f + 7. What is the units digit of w(-1)?
8
Suppose -3*y = -23*y + 440. What is the units digit of y?
2
Let k = -22 - -16. Let b = 117 + k. What is the tens digit of b?
1
Let o(h) = -2*h**3 + h**2 - 5*h + 10. Let c be o(4). Let q = 213 + c. What is the units digit of q?
1
Let n = 323 - 14. What is the tens digit of n?
0
What is the tens digit of 4/(-6) - (-225992)/156?
4
Let u(x) = -4*x + 17*x - 2 + 1. Let h be u(2). Let j = -16 + h. What is the units digit of j?
9
Suppose -3*m = -m - 4. Let p be 5/((-10)/(-6)) + m. Suppose -4*f + 4*w = 5*w - 180, 225 = 5*f - p*w. What is the tens digit of f?
4
Let p(l) = -l**3 - 14*l**2 + 27*l + 44. What is the hundreds digit of p(-19)?
3
Let k be -4*(7/4)/(-7). Let c be ((-5)/10)/(k/(-24)). What is the tens digit of -1*-9*c/3?
3
Suppose 0*i = -2*i + 10. Suppose i*d - 175 = -30. Let a = 46 - d. What is the units digit of a?
7
Let v be 4218/18 - (-4)/6. Suppose 0 = 17*q - 12*q - v. What is the tens digit of q?
4
Let k = 161 - 303. Let f = -82 - k. What is the units digit of f?
0
Let b(v) = -v**3 + 6*v**2 + 2*v - 14. Let n be b(6). Let p = n + -6. What is the units digit of 937/17 + p/68?
5
Suppose -19 = 5*y + 6. Let f = y - -5. Suppose f = 2*s - 17 - 33. What is the tens digit of s?
2
Suppose 2*v - 17 = -9. Suppose v*x - 111 = -w, -w + 58 = x - 41. What is the units digit of w?
5
Let o(s) = 48*s + 475. What is the hundreds digit of o(-6)?
1
Let d(h) = 3*h**2 - 3*h + 4. Let u(o) = o. Let m be u(3). Suppose 5*i = -0*v - v - 15, 0 = 3*v - m*i - 27. What is the tens digit of d(v)?
6
Suppose 3*y - 4 = 4*y, 0 = -4*l - 2*y + 1140. Suppose -2*n + l = -4*p - 201, 5*n - 1229 = p. What is the tens digit of n?
4
Let f be (-1)/(3/(-120)*2). Suppose -i - 3*z + f = 0, 2*z + 3*z + 100 = 5*i. Let r = -11 + i. What is the units digit of r?
9
Suppose 20*d = 12*d + 1720. What is the units digit of d?
5
Let c = 5 + 106. Let s = c - -16. What is the tens digit of s?
2
Suppose 0 = -4*s - g + 2541 + 2267, -5*s + 2*g = -6010. What is the units digit of s?
2
Let h = -306 - -165. Let j = h - -267. What is the units digit of j?
6
Suppose 3*o - 17 = -o - 5*l, -2*o + l = -19. What is the tens digit of (0/(-2) + 30/12)*o?
2
Suppose -5*q = -2 - 38. Suppose q*n - 5*n = 9. What is the units digit of n?
3
Let s = -56 - -95. Suppose 0 = -d + s - 20. What is the units digit of d?
9
Suppose -21 = -x + 3*s, 2*x + 1 = 2*s + 23. Suppose -166 = -x*c + 86. What is the units digit of c?
2
Let k(i) = -246*i - 1. Let x = 105 - 106. What is the units digit of k(x)?
5
Let f(b) = 3*b**2 - 6*b - 3. Let y be f(-9). Let a = y + -135. What is the tens digit of a?
5
Suppose -3*c - 4 = -2*m, -c + 2*m = 4*c. Let n(y) = 3*y + c*y - 131*y**2 - 5 + 141*y**2. What is the units digit of n(2)?
5
Let t = 3316 - 1829. What is the thousands digit of t?
1
Let c = -2153 + 3857. What is the units digit of c?
4
Suppose 3*o = 7 - 1. Let r be (-3 + o + 2)*2. Suppose -3*x + 25 = r*x. What is the units digit of x?
5
Suppose -h + 124 = -3*h. Let l = 3 - h. What is the units digit of l?
5
Let o(j) = j**3 - 19*j**2 + 8*j + 24. What is the units digit of o(19)?
6
Let z = 6 + 1. Suppose d + 2 = z. Suppose -d*y + 96 = -y. What is the units digit of y?
4
Suppose -2070 = -2*g + 2*d, -4*d - 39 = -19. What is the hundreds digit of g?
0
Let s = 6 + -3. Let x be 6 + -2*s/2. Suppose -134 = -x*b - 50. What is the tens digit of b?
2
Suppose -5*w - 3*p + 766 = 0, 4*w + p = 71 + 539. What is the hundreds digit of w?
1
Suppose 16 = 13*b - 10. Let r be (-2)/8 - (-78)/(-8). What is the units digit of (-225)/r - 3/b?
1
Let n(k) = k**3 + 7*k**2 + 8*k + 4. Let s be n(-5). Let c be (-3 - 0 - (0 - -8)) + 2. Let w = s + c. What is the units digit of w?
5
Suppose 4*d - 12157 = -5*l + 20524, -20 = -5*d. What is the tens digit of l?
3
Let q(l) be the second derivative of -1/2*l**4 + 4*l + 0 - 1/20*l**5 - 1/2*l**3 - 1/2*l**2. What is the units digit of q(-6)?
7
Suppose 5*x - 303 = 2*w, -4*x + 3*w + 0*w = -241. Let i = 28 + -69. Let c = i + x. What is the tens digit of c?
2
Let v(o) = 2*o + 46. Let g be v(-26). Let k(f) be the second derivative of f**4/12 - f**3/2 - 9*f**2/2 - f. What is the tens digit of k(g)?
4
Let m(a) = a**3 + a**2 + a + 1. Let p(l) = -2*l**3 - 2*l**2 - l - 2. Let h(d) = 7*m(d) + 4*p(d). What is the units digit of h(-3)?
8
Suppose -39 = 95*t - 92*t. Let r(m) = -23*m + 27. What is the tens digit of r(t)?
2
Suppose -64 - 50 = -19*j. Let v be ((-11)/2)/((-1)/2). What is the units digit of v/(3*1/j)?
2
Suppose 0 = 2*w + 2*t + 4, -5*t = -0*t + 20. Suppose w*h + 5*i + 0*i + 89 = 0, 0 = -h + 2*i - 22. Let a = h + 82. What is the tens digit of a?
5
Let x(n) = n**3 + 10*n**2 - 21. Let u be x(-10). Let c = u + 46. What is the units digit of c?
5
Let b(l) = 0 + 1 + 1 + l + 5*l. Suppose z - 12 = -3*z. What is the units digit of b(z)?
0
Let h(m) = m + 3. Let s be h(0). Let y(w) = -w**3 + 5*w**2 + s*w + 6*w - 8 + 0*w**3. What is the units digit of y(6)?
0
Suppose 0 = 5*a - 15,